{"id":122,"date":"2017-03-05T11:20:59","date_gmt":"2017-03-05T10:20:59","guid":{"rendered":"http:\/\/www.logger2020.se\/?page_id=122"},"modified":"2017-03-05T16:21:44","modified_gmt":"2017-03-05T15:21:44","slug":"tillbehor","status":"publish","type":"page","link":"https:\/\/www.logger2020.se\/index.php\/tillbehor\/","title":{"rendered":"Tillbeh\u00f6r"},"content":{"rendered":"<p>Till Logger 2020 och SunLogger 2020 finns ett stort utbud av tillbeh\u00f6r, framf\u00f6rallt finns expansionsmoduler som g\u00f6r att du kan m\u00e4ta mycket mer \u00e4n bara temperaturer och elf\u00f6rbrukning, fyra moduler finns:<\/p>\n<ul>\n<li><a href=\"http:\/\/www.energibutiken.se\/sv\/expansionsmoduler\/14-p3iq-pulsmodul.html\" target=\"_blank\">P3IQ &#8211; Pulsmodul<\/a> som kan logga blinkande dioder, roterande objekt eller pulsutg\u00e5ngar p\u00e5 t.ex elm\u00e4tare, v\u00e4rmem\u00e4tare eller fl\u00f6desm\u00e4tare.<\/li>\n<li><a href=\"http:\/\/www.energibutiken.se\/sv\/expansionsmoduler\/13-htiq-fukt-och-temperaturmodul-givare.html\" target=\"_blank\">HTIQ &#8211; Temperatur och fuktmodul<\/a> som m\u00e4ter temp och fukt.<\/li>\n<li><a href=\"http:\/\/www.energibutiken.se\/sv\/expansionsmoduler\/16-htmiq-hogtempmodul.html\" target=\"_blank\">HTMIQ &#8211; H\u00f6gtempmodul<\/a> som m\u00e4ter 1-3 temperaturer i intervallet -50 till +600 grader, PT100 eller PT1000-givare kan anv\u00e4ndas.<\/li>\n<li><a href=\"http:\/\/www.energibutiken.se\/sv\/expansionsmoduler\/15-a-dmiq-i-o-modul-admiq.html\" target=\"_blank\">A\/DMIQ &#8211; Analog\/Digital in och utg\u00e5ngsmodul<\/a>, med 4 analoga (0-5 volt) och 4 digitala ing\u00e5ngar, samt 2 rel\u00e4utg\u00e5ngar.<\/li>\n<li><a href=\"http:\/\/www.energibutiken.se\/sv\/16-temperaturgivare\" target=\"_blank\">Temperaturgivare<\/a> av olika sorter och utseenden finns &#8211; vi lagerf\u00f6r <a href=\"http:\/\/www.energibutiken.se\/sv\/13-dallas-1-wire-givare\" target=\"_blank\">Dallas 1-wire<\/a>, <a href=\"http:\/\/www.energibutiken.se\/sv\/29-pt100\" target=\"_blank\">PT100<\/a> och <a href=\"http:\/\/www.energibutiken.se\/sv\/30-pt1000\" target=\"_blank\">PT1000<\/a> temperaturgivare, dessutom finns <a href=\"http:\/\/www.energibutiken.se\/sv\/26-vattenmatare\" target=\"_blank\">fl\u00f6desm\u00e4tare<\/a>, rel\u00e4moduler, <a href=\"http:\/\/www.energibutiken.se\/sv\/9-elmatare\" target=\"_blank\">elm\u00e4tare<\/a> och mycket mer, fler tillbeh\u00f6r kommer ocks\u00e5 hela tiden att tillkomma, v\u00e4lj i dropdownmenyn &#8221;Tillbeh\u00f6r&#8221; ovan vilket tillbeh\u00f6r du vill l\u00e4sa mer om.<\/li>\n<\/ul>\n","protected":false},"excerpt":{"rendered":"<p>Till Logger 2020 och SunLogger 2020 finns ett stort utbud av tillbeh\u00f6r, framf\u00f6rallt finns expansionsmoduler som g\u00f6r att du kan m\u00e4ta mycket mer \u00e4n bara temperaturer och elf\u00f6rbrukning, fyra moduler finns: P3IQ &#8211; Pulsmodul som kan logga blinkande dioder, roterande objekt eller pulsutg\u00e5ngar p\u00e5 t.ex elm\u00e4tare, v\u00e4rmem\u00e4tare eller fl\u00f6desm\u00e4tare. HTIQ &#8211; Temperatur och fuktmodul som &hellip; <\/p>\n<p class=\"link-more\"><a href=\"https:\/\/www.logger2020.se\/index.php\/tillbehor\/\" class=\"more-link\">Forts\u00e4tt l\u00e4sa<span class=\"screen-reader-text\"> \u201dTillbeh\u00f6r\u201d<\/span><\/a><\/p>\n","protected":false},"author":1,"featured_media":0,"parent":0,"menu_order":0,"comment_status":"closed","ping_status":"closed","template":"","meta":{"footnotes":""},"aioseo_notices":[],"_links":{"self":[{"href":"https:\/\/www.logger2020.se\/index.php\/wp-json\/wp\/v2\/pages\/122"}],"collection":[{"href":"https:\/\/www.logger2020.se\/index.php\/wp-json\/wp\/v2\/pages"}],"about":[{"href":"https:\/\/www.logger2020.se\/index.php\/wp-json\/wp\/v2\/types\/page"}],"author":[{"embeddable":true,"href":"https:\/\/www.logger2020.se\/index.php\/wp-json\/wp\/v2\/users\/1"}],"replies":[{"embeddable":true,"href":"https:\/\/www.logger2020.se\/index.php\/wp-json\/wp\/v2\/comments?post=122"}],"version-history":[{"count":2,"href":"https:\/\/www.logger2020.se\/index.php\/wp-json\/wp\/v2\/pages\/122\/revisions"}],"predecessor-version":[{"id":125,"href":"https:\/\/www.logger2020.se\/index.php\/wp-json\/wp\/v2\/pages\/122\/revisions\/125"}],"wp:attachment":[{"href":"https:\/\/www.logger2020.se\/index.php\/wp-json\/wp\/v2\/media?parent=122"}],"curies":[{"name":"wp","href":"https:\/\/api.w.org\/{rel}","templated":true}]}}