{"id":60,"date":"2017-03-04T16:04:37","date_gmt":"2017-03-04T15:04:37","guid":{"rendered":"http:\/\/www.logger2020.se\/?page_id=60"},"modified":"2017-03-05T17:33:28","modified_gmt":"2017-03-05T16:33:28","slug":"sunlogger-2020","status":"publish","type":"page","link":"https:\/\/www.logger2020.se\/index.php\/logger-2020\/sunlogger-2020\/","title":{"rendered":"SunLogger 2020"},"content":{"rendered":"<h1><img loading=\"lazy\" decoding=\"async\" class=\"size-full wp-image-62\" src=\"http:\/\/www.logger2020.se\/wp-content\/uploads\/2017\/03\/SunLogger-2020.gif\" alt=\"Bild p\u00e5 Sunlogger 2020 f\u00f6rpackning\" width=\"400\" height=\"292\" \/><\/h1>\n<p>Sunlogger 2020Solf\u00e5ngarstyrning finns tillg\u00e4nglig i en specialversion av Logger 2020, SunLogger 2020.<br \/>\nStyrningen fungerar med poolsolf\u00e5ngare, plansolf\u00e5ngare och vakuumsolf\u00e5ngare och kan arbeta mot antingen 1-2 acktankar eller en pool. Reglering sker via upp till tre temperaturgivare av typen dallas onewire som klarar upp till 125\u00b0C, eller om om h\u00f6gtempmodul (HTMIQ) \u00e4r installerad i systemet, PT-100 eller PT-1000 givare som klarar upp till 400\u00b0C. Styrning av laddpump sker via ett externt 12V-rel\u00e4.<br \/>\nSom skydd mot kokning finns tre olika skyddsinst\u00e4llningar: (1) max solf\u00e5ngartemperatur, (2) max nedre tanktemperatur samt (3) max \u00f6vre tanktanktemperatur, d\u00e4r laddpumpen, beroende p\u00e5 vad som skall skyddas antingen sl\u00e5s av eller p\u00e5. I det fall flera skydd aktiveras samtidigt g\u00e5r det att prioritera att skydda antingen solf\u00e5ngare eller acktank mot kokning.<br \/>\nF\u00f6rdelar med att styra solf\u00e5ngaren med Logger 2020:<br \/>\n\u2022 Enkelt f\u00f6lja upp hur solf\u00e5ngaranl\u00e4ggningen fungerar n\u00e4r solf\u00e5ngarstyrningens temperaturer loggas: De givare som anv\u00e4nds till solf\u00e5ngarstyrningen g\u00e5r att logga precis som vanliga givare anslutna till Logger 2020. Loggning sker antingen med pc-programmet LoggerSoft (kr\u00e4ver att pc \u00e4r ig\u00e5ng) eller med webbtj\u00e4nsten E-logger som du kommer \u00e5t med din vanliga webbl\u00e4sare.<br \/>\n\u2022 Ber\u00e4kning av uteffekt: Med en fj\u00e4rde temperaturgivare inkopplad g\u00e5r det att i webbtj\u00e4nsten E-logger r\u00e4kna fram uteffekten fr\u00e5n solf\u00e5ngaren. Effektber\u00e4kning med hj\u00e4lp av tv\u00e5 tempgivare + 1 st fl\u00f6desm\u00e4tare \u00e4r nu ocks\u00e5 m\u00f6jligt p\u00e5 e-logger.se &#8211; kul och nyttigt n\u00e4r man vill optimera sin anl\u00e4ggning!<br \/>\n\u2022 Larm via e-post och sms om temperaturer \u00f6ver- eller underskrids eller om givare faller bort: De givare som anv\u00e4nds till solf\u00e5ngarstyrningen kan trigga larm som skickar e-post och sms via webbtj\u00e4nsten E-logger. Om pc-programmet LoggerSoft anv\u00e4nds kan ist\u00e4llet valfritt dos-kommando exekveras, t.ex. en ljudfil som spelar upp en larmsignal.<br \/>\nOm IO-modul (A\/DMIQ) \u00e4r installerad i systemet \u00e4r det dessutom m\u00f6jligt att via solf\u00e5ngar-, nedre tank- eller \u00f6vre tanktemperatur styra ett andra rel\u00e4. Ett andra rel\u00e4 kan till exempel anv\u00e4ndas f\u00f6r att indikera \u00f6verhettning via extern lampa eller siren, eller f\u00f6r att pumpa\/dumpa v\u00e4rme\/\u00f6verskottsv\u00e4rme till ytterligare acktank, radiator eller v\u00e4rmemagasin.<br \/>\nBild \u00f6ver standardinstallation:<\/p>\n<p><img loading=\"lazy\" decoding=\"async\" class=\"alignnone size-full wp-image-63\" src=\"http:\/\/www.logger2020.se\/wp-content\/uploads\/2017\/03\/Schema-Sunlogger-2020-solstyrning.png\" alt=\"\" width=\"600\" height=\"400\" srcset=\"https:\/\/www.logger2020.se\/wp-content\/uploads\/2017\/03\/Schema-Sunlogger-2020-solstyrning.png 600w, https:\/\/www.logger2020.se\/wp-content\/uploads\/2017\/03\/Schema-Sunlogger-2020-solstyrning-300x200.png 300w\" sizes=\"(max-width: 600px) 100vw, 600px\" \/><\/p>\n","protected":false},"excerpt":{"rendered":"<p>Sunlogger 2020Solf\u00e5ngarstyrning finns tillg\u00e4nglig i en specialversion av Logger 2020, SunLogger 2020. Styrningen fungerar med poolsolf\u00e5ngare, plansolf\u00e5ngare och vakuumsolf\u00e5ngare och kan arbeta mot antingen 1-2 acktankar eller en pool. Reglering sker via upp till tre temperaturgivare av typen dallas onewire som klarar upp till 125\u00b0C, eller om om h\u00f6gtempmodul (HTMIQ) \u00e4r installerad i systemet, PT-100 &hellip; <\/p>\n<p class=\"link-more\"><a href=\"https:\/\/www.logger2020.se\/index.php\/logger-2020\/sunlogger-2020\/\" class=\"more-link\">Forts\u00e4tt l\u00e4sa<span class=\"screen-reader-text\"> \u201dSunLogger 2020\u201d<\/span><\/a><\/p>\n","protected":false},"author":1,"featured_media":0,"parent":29,"menu_order":2,"comment_status":"closed","ping_status":"closed","template":"","meta":{"footnotes":""},"aioseo_notices":[],"_links":{"self":[{"href":"https:\/\/www.logger2020.se\/index.php\/wp-json\/wp\/v2\/pages\/60"}],"collection":[{"href":"https:\/\/www.logger2020.se\/index.php\/wp-json\/wp\/v2\/pages"}],"about":[{"href":"https:\/\/www.logger2020.se\/index.php\/wp-json\/wp\/v2\/types\/page"}],"author":[{"embeddable":true,"href":"https:\/\/www.logger2020.se\/index.php\/wp-json\/wp\/v2\/users\/1"}],"replies":[{"embeddable":true,"href":"https:\/\/www.logger2020.se\/index.php\/wp-json\/wp\/v2\/comments?post=60"}],"version-history":[{"count":2,"href":"https:\/\/www.logger2020.se\/index.php\/wp-json\/wp\/v2\/pages\/60\/revisions"}],"predecessor-version":[{"id":159,"href":"https:\/\/www.logger2020.se\/index.php\/wp-json\/wp\/v2\/pages\/60\/revisions\/159"}],"up":[{"embeddable":true,"href":"https:\/\/www.logger2020.se\/index.php\/wp-json\/wp\/v2\/pages\/29"}],"wp:attachment":[{"href":"https:\/\/www.logger2020.se\/index.php\/wp-json\/wp\/v2\/media?parent=60"}],"curies":[{"name":"wp","href":"https:\/\/api.w.org\/{rel}","templated":true}]}}