{"id":73,"date":"2017-03-04T16:39:53","date_gmt":"2017-03-04T15:39:53","guid":{"rendered":"http:\/\/www.logger2020.se\/?page_id=73"},"modified":"2017-03-04T16:39:53","modified_gmt":"2017-03-04T15:39:53","slug":"webbtjanst","status":"publish","type":"page","link":"https:\/\/www.logger2020.se\/index.php\/webbtjanst\/","title":{"rendered":"Webbtj\u00e4nst"},"content":{"rendered":"<p>F\u00f6r er som har eller avser skaffa en Logger 2020 eller SunLogger 2020 finns \u00e4ven en webbtj\u00e4nst tillg\u00e4nglig p\u00e5 <a href=\"http:\/\/www.e-logger.se\" target=\"_blank\">www.e-logger.se<\/a>.<br \/>\nE-logger \u00e4r en specialgjord webbplats f\u00f6r insamling, lagring och visning av m\u00e4tv\u00e4rden fr\u00e5n olika typer av givare, b\u00e5de i hemmet och p\u00e5 andra platser. Man kan logga temperaturer, elf\u00f6rbrukning, elproduktion, fukt, fl\u00f6de och mycket mer med hj\u00e4lp av de expansionsmoduler som finns som tillbeh\u00f6r, l\u00e4s mer om m\u00f6jligheterna under menyvalet &#8221;H\u00e5rdvara&#8221;.<br \/>\nAnslutna givare kan l\u00e4sas av s\u00e5 t\u00e4tt som var tionde sekund och data sparas upp till tio \u00e5r. Aktuella givarv\u00e4rden visas dels i graf och dels i tabell med tidsst\u00e4mplade min- och max- och medelv\u00e4rden f\u00f6r det senaste dygnet. D\u00e4rut\u00f6ver \u00e4r det m\u00f6jligt att generera grafer \u00f6ver valfri tidsperiod bak\u00e5t i tiden.<\/p>\n<p><strong>Systembild<\/strong><\/p>\n<p><img loading=\"lazy\" decoding=\"async\" class=\"alignnone size-full wp-image-74\" src=\"http:\/\/www.logger2020.se\/wp-content\/uploads\/2017\/03\/Systembild-e-logger.png\" alt=\"\" width=\"500\" height=\"384\" srcset=\"https:\/\/www.logger2020.se\/wp-content\/uploads\/2017\/03\/Systembild-e-logger.png 500w, https:\/\/www.logger2020.se\/wp-content\/uploads\/2017\/03\/Systembild-e-logger-300x230.png 300w\" sizes=\"(max-width: 500px) 100vw, 500px\" \/><\/p>\n<p>I webtj\u00e4nsten kan du bygga upp din egna systembild d\u00e4r du p\u00e5 olika s\u00e4tt kan presentera dina m\u00e4tv\u00e4rden, ovan\u00a0visar vi ett exempel p\u00e5 systembild som en av de nuvarande Logger 2020-\u00e4garna p\u00e5 egen hand byggt, bilden \u00e4r gjord i Powerpoint, och m\u00e4tv\u00e4rdena l\u00e4ggs in genom att redigera en k\u00e4llkodsmall f\u00f6r var de skall placeras i bilden.<br \/>\nHur den k\u00e4llkoden ser ut f\u00e5r du ett exempel p\u00e5 nedan, utf\u00f6rliga f\u00f6rklaringar p\u00e5 hur man, direkt i sin webbl\u00e4sare, editerar koden f\u00f6r att l\u00e4gga in m\u00e4tv\u00e4rden p\u00e5 olika positioner finns i webbtj\u00e4nsten. (Exempelkoden avser inte systembilden till h\u00f6ger)<br \/>\nc=El total;El kWh idag: %cd kWh;450;25<br \/>\nc=El total;Elkostn idag: %pd kr;450;40<br \/>\nt=%td;15;10<br \/>\nc=El total;El Total %s;15;25<br \/>\nc=El v\u00e4rme;El V\u00e4rme %s;15;45<br \/>\nc=Innetemp;Innetemp %s;15;65<br \/>\nc=KB-in;KB-in %s;380;235<br \/>\nc=KB-ut;KB-ut %s;380;280<br \/>\nc=Solf\u00e5ngare;Solf\u00e5ngare %s;15;85<br \/>\n#c=Tank nedre;%s;15;85<br \/>\n#c=Tank \u00f6vre;%s;15;95<br \/>\nc=Utetemp;Utetemp %s;15;105<br \/>\n#c=Uteffekt VP;Uteffekt VP %s;15;55<br \/>\nc=Varmvatten;Varmvatten %s;450;125<br \/>\nc=VB-fram;VB-fram %s;148;175<br \/>\nc=VB-retur;VB-retur%s;148;310<\/p>\n<p><strong>Trendbilder<\/strong><\/p>\n<p><img loading=\"lazy\" decoding=\"async\" class=\"alignnone size-full wp-image-75\" src=\"http:\/\/www.logger2020.se\/wp-content\/uploads\/2017\/03\/Grafer.png\" alt=\"\" width=\"557\" height=\"385\" srcset=\"https:\/\/www.logger2020.se\/wp-content\/uploads\/2017\/03\/Grafer.png 557w, https:\/\/www.logger2020.se\/wp-content\/uploads\/2017\/03\/Grafer-300x207.png 300w\" sizes=\"(max-width: 557px) 100vw, 557px\" \/><br \/>\nI Webbtj\u00e4nsten kan du \u00e4ven l\u00e4gga upp ett antal trendbilder \u00f6ver enskilda m\u00e4tobjekt, eller av dig angivna grupper av m\u00e4tobjekt, b\u00e5de faktiska och ber\u00e4knade v\u00e4rden kan visas i trendbilder. I bilden till h\u00f6ger visar vi en grupp m\u00e4tobjekt som h\u00f6r till en solf\u00e5ngarstyrning, trendbilden visar en 4 timmars trend, men man kan v\u00e4lja att visa en trendbild p\u00e5 som minst 15 minuters intervall, och som mest all sparad data enligt nedan:<\/p>\n<p><img loading=\"lazy\" decoding=\"async\" class=\"alignnone size-full wp-image-76\" src=\"http:\/\/www.logger2020.se\/wp-content\/uploads\/2017\/03\/Tidsval.png\" alt=\"\" width=\"85\" height=\"229\" \/><\/p>\n<p><strong>Tabeller<\/strong><\/p>\n<p><img loading=\"lazy\" decoding=\"async\" class=\"alignnone size-full wp-image-77\" src=\"http:\/\/www.logger2020.se\/wp-content\/uploads\/2017\/03\/Kanaler.png\" alt=\"\" width=\"500\" height=\"354\" srcset=\"https:\/\/www.logger2020.se\/wp-content\/uploads\/2017\/03\/Kanaler.png 500w, https:\/\/www.logger2020.se\/wp-content\/uploads\/2017\/03\/Kanaler-300x212.png 300w\" sizes=\"(max-width: 500px) 100vw, 500px\" \/><br \/>\nI webbtj\u00e4nsten kan du \u00e4ven f\u00e5 en bra \u00f6verblick \u00f6ver aktuella m\u00e4tv\u00e4rden i tabellform enligt bilden ovan, du kan \u00e4ven d\u00f6pa om givare och \u00e4ndra olika parametrar via webbtj\u00e4nstens tabeller.<\/p>\n<p><strong>Varf\u00f6r lagra m\u00e4tdata p\u00e5 en webbplats?<\/strong><br \/>\nDet finns m\u00e5nga f\u00f6rdelar med att logga mot en webbplats ist\u00e4llet f\u00f6r mot en egen h\u00e5rddisk. Man kommer \u00e5t sina m\u00e4tv\u00e4rden via en vanlig webbl\u00e4sare var \u00e4n man befinner sig, detta g\u00f6r det \u00e4ven enkelt b\u00e5de att visa sina data f\u00f6r andra samt att j\u00e4mf\u00f6ra sina data med andras data. V\u00e4ljer man sen r\u00e4tt typ av logger f\u00e5r man ytterligare f\u00f6rdelar. Dels slipper man ansluta elektronik och givare till sin k\u00e4nsliga dator, dels slipper man installera och uppgradera programvara, dels fungerar det oberoende av om Windows, Mac-OS eller Linux anv\u00e4nds som operativsystem p\u00e5 den egna datorn eftersom webbl\u00e4saren \u00e4r allt som anv\u00e4nds, och b\u00e4st av allt, man beh\u00f6ver inte ha en energikr\u00e4vande PC ig\u00e5ng dygnet runt f\u00f6r att logga. Att logga till en dator &#8221;sliter&#8221; \u00e4ven p\u00e5 h\u00e5rddisken d\u00e5 ny data skrivs till disken var tionde sekund.<\/p>\n<p><strong>Vad beh\u00f6vs f\u00f6r att komma ig\u00e5ng?<\/strong><br \/>\nF\u00f6r att anv\u00e4nda webbplatsen E-logger beh\u00f6vs, f\u00f6rutom ett konto i tj\u00e4nsten f\u00f6rst\u00e5s, \u00e4ven givare och en Logger 2020 eller SunLogger 2020 som automatiskt l\u00e4ser av givarna och skickar m\u00e4tv\u00e4rden via din internetuppkoppling.<br \/>\nData skickas via din bredbandsrouter, fast eller dynamisk IP-adress saknar betydelse, Logger 2020 fungerar oavsett anslutning.<\/p>\n<p><strong>Vad kostar det?<\/strong><br \/>\nEtt gratiskonto, med vissa begr\u00e4nsningar (t.ex. max 5 givare, minutv\u00e4rden, mindre och f\u00e4rre grafer tillg\u00e4ngliga) \u00e4r tillg\u00e4ngligt f\u00f6r de som vill logga mot webtj\u00e4nsten . Dessutom finns 2 olika privatkonton, och 2 olika f\u00f6retagskonton, l\u00e4s mer om de olika alternativen <a href=\"http:\/\/e-logger.se\/wiki\/index.php\/Manual_E-logger#Abonnemang\" target=\"_blank\">H\u00c4R<\/a> . V\u00e4rt att t\u00e4nka p\u00e5 n\u00e4r det g\u00e4ller eventuella kostnader f\u00f6r webtj\u00e4nsten \u00e4r att det inte heller \u00e4r gratis att logga mot en PC som m\u00e5ste st\u00e5 p\u00e5 dygnet runt, \u00e5ret runt.<br \/>\nLarm via SMS har en viss kostnad knuten till sig, n\u00e4r detta skrivs kostar ett larm via SMS 2 kr f\u00f6r dig som \u00e4r ansluten till webtj\u00e4nsten, larm via SMS \u00e4r default ej aktiverat, det aktiverar man bara om man vill ha det, och d\u00e5 kan man v\u00e4lja exakt vilka larm som skall trigga SMS-larm, och hur ofta de f\u00e5r skickas.<\/p>\n","protected":false},"excerpt":{"rendered":"<p>F\u00f6r er som har eller avser skaffa en Logger 2020 eller SunLogger 2020 finns \u00e4ven en webbtj\u00e4nst tillg\u00e4nglig p\u00e5 www.e-logger.se. E-logger \u00e4r en specialgjord webbplats f\u00f6r insamling, lagring och visning av m\u00e4tv\u00e4rden fr\u00e5n olika typer av givare, b\u00e5de i hemmet och p\u00e5 andra platser. Man kan logga temperaturer, elf\u00f6rbrukning, elproduktion, fukt, fl\u00f6de och mycket mer &hellip; <\/p>\n<p class=\"link-more\"><a href=\"https:\/\/www.logger2020.se\/index.php\/webbtjanst\/\" class=\"more-link\">Forts\u00e4tt l\u00e4sa<span class=\"screen-reader-text\"> \u201dWebbtj\u00e4nst\u201d<\/span><\/a><\/p>\n","protected":false},"author":1,"featured_media":0,"parent":0,"menu_order":0,"comment_status":"closed","ping_status":"closed","template":"","meta":{"footnotes":""},"aioseo_notices":[],"_links":{"self":[{"href":"https:\/\/www.logger2020.se\/index.php\/wp-json\/wp\/v2\/pages\/73"}],"collection":[{"href":"https:\/\/www.logger2020.se\/index.php\/wp-json\/wp\/v2\/pages"}],"about":[{"href":"https:\/\/www.logger2020.se\/index.php\/wp-json\/wp\/v2\/types\/page"}],"author":[{"embeddable":true,"href":"https:\/\/www.logger2020.se\/index.php\/wp-json\/wp\/v2\/users\/1"}],"replies":[{"embeddable":true,"href":"https:\/\/www.logger2020.se\/index.php\/wp-json\/wp\/v2\/comments?post=73"}],"version-history":[{"count":1,"href":"https:\/\/www.logger2020.se\/index.php\/wp-json\/wp\/v2\/pages\/73\/revisions"}],"predecessor-version":[{"id":78,"href":"https:\/\/www.logger2020.se\/index.php\/wp-json\/wp\/v2\/pages\/73\/revisions\/78"}],"wp:attachment":[{"href":"https:\/\/www.logger2020.se\/index.php\/wp-json\/wp\/v2\/media?parent=73"}],"curies":[{"name":"wp","href":"https:\/\/api.w.org\/{rel}","templated":true}]}}