{"id":85,"date":"2017-03-05T07:21:35","date_gmt":"2017-03-05T06:21:35","guid":{"rendered":"http:\/\/www.logger2020.se\/?page_id=85"},"modified":"2017-03-06T13:38:09","modified_gmt":"2017-03-06T12:38:09","slug":"mer-om-logger-2020","status":"publish","type":"page","link":"https:\/\/www.logger2020.se\/","title":{"rendered":"Logger 2020 &#8211; V\u00e4lkommen!"},"content":{"rendered":"<p><strong>Logger 2020<\/strong> \u00e4r en fantastiskt enkel, prisv\u00e4rd och m\u00e5ngsidig Datalogger som ursprungligen utvecklats f\u00f6r \u00f6vervakning\/loggning av v\u00e4rmepumpar, solf\u00e5ngare och krypgrunder i egnahem, men som fungerar precis lika bra f\u00f6r att \u00f6vervaka sommarst\u00e4llet, f\u00f6retagslokaler, datahallar, kylrum, lagerlokaler, l\u00e4genheter, fastigheter mm. Nedan ett axplock av vad som kan loggas:<br \/>\n\u2022 Elm\u00e4tare, Elf\u00f6rbrukning, Elproduktion via antingen pulsutg\u00e5ng eller via blinkande diod, upp till tv\u00e5 elm\u00e4tare kan loggas direkt p\u00e5 Loggerns ing\u00e5ngar, och fler kan anslutas via en speciell pulsmodul.<br \/>\n\u2022 Temperaturer i omr\u00e5det -50 till +400\u00b0C, vi erbjuder ett stort utbud av temperaturgivare, bland annat rumsgivare, utegivare, givare f\u00f6r utv\u00e4ndigt montage p\u00e5 r\u00f6rledningar, givare f\u00f6r montage i tempficka, mm.<br \/>\n\u2022 Fukt, med v\u00e5r temp\/fuktmodul kan du t.ex. se hur din krypgrund m\u00e5r, och du kan f\u00e5 larm om det finns risk f\u00f6r m\u00f6gel.<br \/>\n\u2022 Fl\u00f6de, med v\u00e5ra prisv\u00e4rda vattenm\u00e4tare kan vi logga fl\u00f6den i vattenburna v\u00e4rmesystem, varmvattenf\u00f6rbrukning, solf\u00e5ngaranl\u00e4ggningar mm.<br \/>\n\u2022 V\u00e4rmeproduktion eller v\u00e4rmekonsumtion &#8211; via v\u00e4rmem\u00e4tare.<br \/>\n\u2022 Logger 2020 kan k\u00f6ras lokalt mot en PC, eller mot webtj\u00e4nst via fast eller mobilt bredband.<br \/>\nDetta \u00e4r bara en liten del av det Logger 2020 kan m\u00e4ta och logga, l\u00e4s vidare f\u00f6r att bilda dig en uppfattning om tekniken, och det utbud av produkter och tj\u00e4nster vi har att erbjuda.<\/p>\n<figure id=\"attachment_86\" aria-describedby=\"caption-attachment-86\" style=\"width: 450px\" class=\"wp-caption alignnone\"><img loading=\"lazy\" decoding=\"async\" class=\"size-full wp-image-86\" src=\"http:\/\/www.logger2020.se\/wp-content\/uploads\/2017\/03\/Logger-2020-oversikt.png\" alt=\"N\u00e5gra exempel p\u00e5 vad man kan g\u00f6ra och se med Logger 2020\" width=\"450\" height=\"1301\" srcset=\"https:\/\/www.logger2020.se\/wp-content\/uploads\/2017\/03\/Logger-2020-oversikt.png 450w, https:\/\/www.logger2020.se\/wp-content\/uploads\/2017\/03\/Logger-2020-oversikt-104x300.png 104w, https:\/\/www.logger2020.se\/wp-content\/uploads\/2017\/03\/Logger-2020-oversikt-354x1024.png 354w\" sizes=\"(max-width: 450px) 100vw, 450px\" \/><figcaption id=\"caption-attachment-86\" class=\"wp-caption-text\">Exempel p\u00e5 vad Logger 2020 kan g\u00f6ra<\/figcaption><\/figure>\n<p><strong>Anslutning<\/strong><br \/>\nLogger 2020 ansluts enkelt till en Windowsbaserad PC\u00a0genom att ansluta den till n\u00e4tverkets router, antingen via ethernetkabel eller via en tr\u00e5dl\u00f6s accesspunkt. Till loggern kopplar du sedan in de givare du skaffat till Loggern. Logger 2020 kan allts\u00e5 skicka data via det lokala n\u00e4tverket, fast eller mobilt bredband, och logga lokalt mot en PC, eller mot webbtj\u00e4nsten e-logger.se eller b\u00e5de och.<br \/>\nD\u00e5 Logger 2020 arbetar med enbart l\u00e5ga str\u00f6mmar och sp\u00e4nningar beh\u00f6vs ingen beh\u00f6righet f\u00f6r att koppla in givare eller centralenhet.<br \/>\nLoggern str\u00f6mf\u00f6rs\u00f6rjs med en 12 V n\u00e4tadapter, och den f\u00f6rbrukar mindre \u00e4n 3 W.<\/p>\n<p><strong>Webtj\u00e4nst<\/strong><br \/>\nI WEBBTJ\u00c4NSTEN E-logger.se ser du exakt vad som h\u00e4nder i den anl\u00e4ggning du loggar, oavsett om det \u00e4r ditt hem, din stuga, din arbetsplats, eller om du anv\u00e4nder Logger 2020 som ett fels\u00f6kningsinstrument i ditt yrke s\u00e5 f\u00e5r du full kontroll p\u00e5 vad som h\u00e4nder.<br \/>\nVia webbtj\u00e4nsten har du tillg\u00e5ng till m\u00e4tdata var du \u00e4n befinner dig, och du kan f\u00e5 larm via SMS eller e-post om n\u00e5got av dina m\u00e4tv\u00e4rden g\u00e5r \u00f6ver de larmgr\u00e4nser du st\u00e4llt in.<br \/>\nVi v\u00e5gar p\u00e5st\u00e5 att det inte finns n\u00e5gon annan logger som kan s\u00e5 mycket, och som \u00e4r medvetet prissatt f\u00f6r att vanliga konsumenter, likv\u00e4l som proffs, skall ha r\u00e5d att f\u00e5 koll p\u00e5 sina anl\u00e4ggningar.<\/p>\n<p><strong>LoggerSoft<\/strong><br \/>\nPC-programmet Loggersoft ger dig m\u00f6jlighet att enkelt via n\u00e4tverket kommunicera med Logger 2020, antingen som ett komplement till webbtj\u00e4nsten, eller ist\u00e4llet f\u00f6r webbtj\u00e4nsten.<br \/>\nF\u00f6rdelarna med LoggerSoft \u00e4r bland annat:<br \/>\n\u2022 Sekundsnabb uppdatering av m\u00e4tv\u00e4rden, bra t.ex. n\u00e4r du g\u00f6r \u00e4ndringar som du vill kunna g\u00f6ra uppf\u00f6ljning p\u00e5 utan f\u00f6rdr\u00f6jningar.<br \/>\n\u2022 Valfritt antal tabeller och\/eller grafer kan visas samtidigt.<br \/>\n\u2022 Inget behov av internetanslutning.<br \/>\n\u2022 M\u00f6jlighet att starta programfunktioner i din PC.<br \/>\n<em>Nackdelar med LoggerSoft j\u00e4mf\u00f6rt med webtj\u00e4nsten<\/em>:<br \/>\n\u2022 F\u00f6r att m\u00e4tdata skall sparas m\u00e5ste datorn hela tiden st\u00e5 p\u00e5, en PC som st\u00e5r p\u00e5 hela tiden drar r\u00e4tt mycket energi, och risken \u00e4r r\u00e4tt stor att den h\u00e4nger sig, startar om, eller p\u00e5 annat s\u00e4tt g\u00f6r att du f\u00f6rlorar data.<br \/>\n\u2022 LoggerSoft har inte lika m\u00e5nga rapport och statistikfunktioner som webtj\u00e4nsten, ej heller kan du f\u00e5 &#8221;ber\u00e4knade kanaler&#8221; p\u00e5 samma s\u00e4tt som i webtj\u00e4nsten.<br \/>\nF\u00f6r kontinuerlig loggning med ut\u00f6kade statistik och ber\u00e4kningsfunktioner, och f\u00f6rdelarna med anpassade kanaler rekommenderar vi d\u00e4rf\u00f6r prim\u00e4rt webtj\u00e4nsten f\u00f6r de som vill ha ut mesta m\u00f6jliga av sin logger.<\/p>\n<p><strong>Grafer<\/strong><br \/>\nMed tydliga och flexibla grafer ser du exakt vad som h\u00e4nder i den loggade anl\u00e4ggningen, du kan skapa flera grafer, som du kan l\u00e4nka till, eller g\u00f6ra en genv\u00e4g till i din &#8221;Smartphone&#8221; &#8211; f\u00f6r att snabbt kunna kontrollera t.ex. utetemperaturen d\u00e4r hemma!<\/p>\n<p><strong>Rapporter<\/strong><br \/>\nMed e-loggers elrapporter f\u00e5r du bra kontroll p\u00e5 din elanv\u00e4ndning, visste du att man enbart med hj\u00e4lpa av loggning och uppf\u00f6ljning av sin elf\u00f6rbrukning, och den \u00f6kade kunskap det ger, kan minska sin f\u00f6rbrukning med 10-30%, allt beroende p\u00e5 sitt engagemang.<\/p>\n<p><strong>SunLogger 2020<\/strong><br \/>\nEn speciellt version av Logger 2020 finns ocks\u00e5, med inbyggd solf\u00e5ngarstyrning &#8211; SunLogger 2020.<br \/>\nL\u00e4s mer om Sunlogger 2020 <a href=\"http:\/\/www.logger2020.se\/index.php\/logger-2020\/sunlogger-2020\/\" target=\"_blank\">H\u00c4R<\/a>.<\/p>\n<p><strong>K\u00f6p Loggern i v\u00e5r webbshop!<\/strong><br \/>\nI webbshoppen hittar du en m\u00e4ngd tillbeh\u00f6r till Logger 2020, allt fr\u00e5n expansionsmoduler, givare och kabel till elm\u00e4tare, vattenm\u00e4tare och v\u00e4rmem\u00e4tare.<br \/>\n<a href=\"http:\/\/www.energibutiken.se\" target=\"_blank\">Energibutiken<\/a><\/p>\n","protected":false},"excerpt":{"rendered":"<p>Logger 2020 \u00e4r en fantastiskt enkel, prisv\u00e4rd och m\u00e5ngsidig Datalogger som ursprungligen utvecklats f\u00f6r \u00f6vervakning\/loggning av v\u00e4rmepumpar, solf\u00e5ngare och krypgrunder i egnahem, men som fungerar precis lika bra f\u00f6r att \u00f6vervaka sommarst\u00e4llet, f\u00f6retagslokaler, datahallar, kylrum, lagerlokaler, l\u00e4genheter, fastigheter mm. Nedan ett axplock av vad som kan loggas: \u2022 Elm\u00e4tare, Elf\u00f6rbrukning, Elproduktion via antingen pulsutg\u00e5ng eller &hellip; <\/p>\n<p class=\"link-more\"><a href=\"https:\/\/www.logger2020.se\/\" class=\"more-link\">Forts\u00e4tt l\u00e4sa<span class=\"screen-reader-text\"> \u201dLogger 2020 &#8211; V\u00e4lkommen!\u201d<\/span><\/a><\/p>\n","protected":false},"author":1,"featured_media":0,"parent":0,"menu_order":0,"comment_status":"closed","ping_status":"closed","template":"","meta":{"footnotes":""},"aioseo_notices":[],"_links":{"self":[{"href":"https:\/\/www.logger2020.se\/index.php\/wp-json\/wp\/v2\/pages\/85"}],"collection":[{"href":"https:\/\/www.logger2020.se\/index.php\/wp-json\/wp\/v2\/pages"}],"about":[{"href":"https:\/\/www.logger2020.se\/index.php\/wp-json\/wp\/v2\/types\/page"}],"author":[{"embeddable":true,"href":"https:\/\/www.logger2020.se\/index.php\/wp-json\/wp\/v2\/users\/1"}],"replies":[{"embeddable":true,"href":"https:\/\/www.logger2020.se\/index.php\/wp-json\/wp\/v2\/comments?post=85"}],"version-history":[{"count":5,"href":"https:\/\/www.logger2020.se\/index.php\/wp-json\/wp\/v2\/pages\/85\/revisions"}],"predecessor-version":[{"id":161,"href":"https:\/\/www.logger2020.se\/index.php\/wp-json\/wp\/v2\/pages\/85\/revisions\/161"}],"wp:attachment":[{"href":"https:\/\/www.logger2020.se\/index.php\/wp-json\/wp\/v2\/media?parent=85"}],"curies":[{"name":"wp","href":"https:\/\/api.w.org\/{rel}","templated":true}]}}